{"id":12300,"date":"2023-02-14T13:12:02","date_gmt":"2023-02-14T12:12:02","guid":{"rendered":"https:\/\/www.honda.es\/hondadreams\/?page_id=12300"},"modified":"2024-12-03T11:05:26","modified_gmt":"2024-12-03T10:05:26","slug":"aviso-de-privacidad","status":"publish","type":"page","link":"https:\/\/www.honda.es\/hondadreams\/aviso-de-privacidad\/","title":{"rendered":"Aviso de Privacidad"},"content":{"rendered":"<p class=\"p1\"><b>AVISO DE PRIVACIDAD DE HONDA DREAMS<\/b><\/p>\n<p class=\"p2\">El presente Aviso de Privacidad de Honda Dreams (el \u201cAviso de Privacidad\u201d) explica c\u00f3mo Honda Motor Europe Limited, Sucursal en Espa\u00f1a <span class=\"s1\"><b>(\u00abHonda\u00bb, \u00abnosotros\u00bb o \u00abnos\u00bb)<\/b><\/span><span class=\"s2\">\u00a0<\/span>trata sus datos personales cuando usted accede a Honda Dreams.<\/p>\n<p class=\"p2\">El presente Aviso de Privacidad complementa el <span class=\"s3\">A<\/span><span class=\"s4\">viso de Privacidad del Contenido Online de Honda <a href=\"https:\/\/www.honda.es\/cars\/useful-links\/privacy-policy.html\"><span class=\"s5\">Aviso de Privacidad del Contenido Online de Honda<\/span><\/a><\/span>, que describe con detalle la forma en que Honda trata sus datos personales cuando usted visita una p\u00e1gina web de Honda, descarga y usa una\u00a0app\u00a0de Honda o se pone en contacto por cualquier otro medio con Honda en relaci\u00f3n a sus p\u00e1ginas web y aplicaciones. El Aviso de Privacidad de Datos del Contenido Online de Honda tambi\u00e9n hace referencia a sus derechos en materia de protecci\u00f3n de datos en los tratamientos de datos personales descritos en el presente Aviso de Privacidad y ofrece informaci\u00f3n adicional a la que aparece en el Aviso de Privacidad del Contenido Online de Honda.<\/p>\n<p class=\"p2\"><b>Qu\u00e9 datos personales recopilamos<\/b><\/p>\n<p class=\"p4\">Cuando se suscribe a nuestras alertas de noticias, recopilamos los siguientes datos:<\/p>\n<ul class=\"ul1\">\n<li class=\"li5\">Datos de contacto: como su nombre y direcci\u00f3n de correo electr\u00f3nico;<\/li>\n<li class=\"li5\">Metadatos c\u00f3mo por ejemplo en qu\u00e9 momento se registr\u00f3 o si lee nuestras comunicaciones que ha solicitado;<\/li>\n<li class=\"li5\">Preferencias de suscripci\u00f3n: como sus temas de inter\u00e9s<\/li>\n<\/ul>\n<p class=\"p2\"><b>Por qu\u00e9 recopilamos, utilizamos y almacenamos estos datos personales<\/b><\/p>\n<p class=\"p4\">Como parte de su suscripci\u00f3n a las alertas de Honda Dreams tratamos sus datos personales:<\/p>\n<ul class=\"ul1\">\n<li class=\"li5\">Para ofrecer informaci\u00f3n sobre nuevos productos, premios obtenidos, tecnolog\u00eda y otras noticias que puedan ser de inter\u00e9s para la prensa<\/li>\n<li class=\"li5\">Para que pueda personalizar sus alertas de noticias<\/li>\n<\/ul>\n<p class=\"p2\">En ocasiones, tambi\u00e9n convertimos datos personales en datos\u00a0an\u00f3nimos (hasta llegar a lo que t\u00e9cnicamente se conoce como informaci\u00f3n con datos irreversiblemente disociados), y la informaci\u00f3n resultante la utilizamos (normalmente para compilar estad\u00edsticas agregadas) con fines de investigaci\u00f3n y an\u00e1lisis que permitan mejorar el servicio que ofrece Honda Dreams.<\/p>\n<p class=\"p2\"><b>C\u00f3mo compartimos sus datos personales<\/b><\/p>\n<p class=\"p2\">Para obtener m\u00e1s informaci\u00f3n sobre terceros con los que compartimos sus datos personales, incluidas las empresas del grupo Honda, los concesionarios y talleres autorizados por Honda, las empresas que ofrecen servicios sujetos a contratos y dem\u00e1s organizaciones, consulte el\u00a0<a href=\"https:\/\/www.honda.es\/cars\/useful-links\/privacy-policy.html\"><span class=\"s7\">Aviso de Privacidad del Contenido Online de Honda<\/span><\/a>.<\/p>\n<p class=\"p2\"><b>Opciones y derechos<\/b><\/p>\n<p class=\"p2\">Entre los derechos que le corresponden en relaci\u00f3n a sus datos personales se encuentra el derecho a revocar su consentimiento (con efectos a futuro pero no afecta a la legalidad del tratamiento realizado antes de dicha retirada del consentimiento). Para obtener m\u00e1s informaci\u00f3n sobre sus derechos y c\u00f3mo utilizamos sus datos personales, consulte el\u00a0<a href=\"https:\/\/www.honda.es\/cars\/useful-links\/privacy-policy.html\"><span class=\"s7\">Aviso de Privacidad del Contenido Online de Honda<\/span><\/a>.<\/p>\n<p class=\"p4\">Podr\u00e1 actualizar sus preferencias, dar de baja o eliminar su cuenta en cualquier momento utilizando los enlaces adecuados que aparecen en los correos electr\u00f3nicos, o a trav\u00e9s de de la web Honda Honda Dreams, seleccionando la funci\u00f3n \u201cDarse de baja \/ Gestionar suscripci\u00f3n\u201d.<\/p>\n<p class=\"p2\"><b>Conservaci\u00f3n de datos<\/b><\/p>\n<p class=\"p4\">Honda conservar\u00e1 sus datos personales durante el tiempo que usted mantenga una suscripci\u00f3n de usuario en Honda Dreams y posteriormente (de manera bloqueada por imperativo legal) mientras Honda pueda estar obligada por ley a conservar sus datos personales o bien Honda pueda tener alguna responsabilidad legal vinculada a dicho tratamiento de datos personales.<\/p>\n<p class=\"p2\"><b>Actualizaciones de este Aviso de Privacidad<\/b><\/p>\n<p class=\"p4\">Este Aviso de Privacidad complementario puede ser actualizado peri\u00f3dicamente. Actualizaremos la fecha que aparece en la parte inferior de este Aviso de Privacidad complementario, y le recomendamos que compruebe si se han realizado cambios, que estar\u00e1n disponibles en la p\u00e1gina web. Si hubiera cambios substanciales que afectaran espec\u00edficamente al tratamiento de sus datos personales le informar\u00edamos tambi\u00e9n de otras formas.<\/p>\n<p class=\"p2\"><b>Contacto<\/b><\/p>\n<p class=\"p4\">El responsable del tratamiento de sus datos en relaci\u00f3n con Honda Dreams es Honda Motor Europe Limited, Sucursal en Espa\u00f1a, cuya direcci\u00f3n es C\/ Mar del Nord, 1, Pol. Ind. La Torre del Rector, 08130 Santa Perp\u00e8tua de Mogoda (Barcelona).<\/p>\n<p class=\"p2\">Si tiene cualquier duda sobre este Aviso de Privacidad, puede ponerse en contacto con nuestro Delegado Oficial de Protecci\u00f3n de Datos para las operaciones de Honda en Europa en el correo electr\u00f3nico\u00a0<a href=\"mailto:DPO@honda-eu.com\"><span class=\"s7\">DPO@honda-eu.com<\/span><\/a>\u00a0(s\u00f3lo en ingl\u00e9s) o para el \u00e1mbito de Honda en Espa\u00f1a, puede ponerse en contacto con nosotros en el correo electr\u00f3nico <a href=\"mailto:DPMSpain@honda-eu.com\"><span class=\"s8\">DPMSpain@honda-eu.com<\/span><\/a>.<\/p>\n<p class=\"p7\">Enero 2025<\/p>\n","protected":false},"excerpt":{"rendered":"<p>AVISO DE PRIVACIDAD DE HONDA DREAMS El presente Aviso de Privacidad de Honda Dreams (el&#8230;<\/p>\n","protected":false},"author":5,"featured_media":0,"parent":0,"menu_order":0,"comment_status":"closed","ping_status":"closed","template":"","meta":{"_acf_changed":false,"footnotes":""},"class_list":["post-12300","page","type-page","status-publish","hentry"],"acf":[],"_links":{"self":[{"href":"https:\/\/www.honda.es\/hondadreams\/wp-json\/wp\/v2\/pages\/12300","targetHints":{"allow":["GET"]}}],"collection":[{"href":"https:\/\/www.honda.es\/hondadreams\/wp-json\/wp\/v2\/pages"}],"about":[{"href":"https:\/\/www.honda.es\/hondadreams\/wp-json\/wp\/v2\/types\/page"}],"author":[{"embeddable":true,"href":"https:\/\/www.honda.es\/hondadreams\/wp-json\/wp\/v2\/users\/5"}],"replies":[{"embeddable":true,"href":"https:\/\/www.honda.es\/hondadreams\/wp-json\/wp\/v2\/comments?post=12300"}],"version-history":[{"count":3,"href":"https:\/\/www.honda.es\/hondadreams\/wp-json\/wp\/v2\/pages\/12300\/revisions"}],"predecessor-version":[{"id":13921,"href":"https:\/\/www.honda.es\/hondadreams\/wp-json\/wp\/v2\/pages\/12300\/revisions\/13921"}],"wp:attachment":[{"href":"https:\/\/www.honda.es\/hondadreams\/wp-json\/wp\/v2\/media?parent=12300"}],"curies":[{"name":"wp","href":"https:\/\/api.w.org\/{rel}","templated":true}]}}